 23. Let x(k) = -7*k - 11. Let d(m) = -6*f(m) - 13*x(m). Let s be 32/2*1/2. Let a be d(s). Calculate the highest common factor of a and 13.
13
Let l(g) = 0 + 7*g - 14 + 15*g + 2*g**2 - 9*g. Let t be l(-11). Calculate the greatest common divisor of t and 34.
17
Let z be 1 - -10 - (-2 + 3). Suppose 3*d - 99 = -0*d. Suppose 3*j - 3*m = d, 0*j + 3*j = -2*m + 53. What is the highest common factor of j and z?
5
Let d(j) = j. Let y be d(2). Let z = y + 3. Suppose -z*x = 5*w - 75, -5*w + 71 = -x + 2*x. Calculate the greatest common factor of 2 and w.
2
Let q(c) = c**2 - 2. Suppose -4 + 2 = -p. Let h be q(p). Calculate the highest common divisor of 5 and h.
1
Let d be (5*-3)/(12/(-12)). Calculate the highest common divisor of 165 and d.
15
Suppose 6*j - 1 = 5*j, 44 = 2*l + 4*j. What is the highest common divisor of l and 220?
20
Let w(z) = 16*z**2 - z. Let h be w(-2). Suppose -2*b + h = b. Let l = 31 - b. What is the highest common factor of l and 63?
9
Suppose -2*c = -v + 58, 4*c + 244 = -2*v + 6*v. Suppose 0 = 3*o - 5*x - 34, o + x = -4*o + 38. What is the highest common divisor of v and o?
8
Suppose -d - 5*q - 164 = -5*d, -120 = -3*d + 3*q. Calculate the greatest common divisor of d and 216.
36
Let b = 61 + -43. Calculate the highest common factor of b and 126.
18
Suppose -15 = -2*v - 3. Let r = -58 + 88. Calculate the highest common divisor of r and v.
6
Let x = 15 - 7. Let p = x + -3. Let c = -7 - -17. What is the highest common factor of c and p?
5
Let q(d) = 59*d + 1. Let a be q(2). Let b = -55 - -150. Suppose -5*s = -5*l - 2*s + 91, -5*s - b = -5*l. Calculate the greatest common divisor of l and a.
17
Let a(m) = 3*m**3 + m. Let n be a(-1). Let j be ((-26)/n)/(2/4). Let z = 78 + -26. Calculate the highest common factor of z and j.
13
Let q = -3 + 3. Suppose -4*c + 0*r + 342 = 2*r, q = c - 3*r - 82. Let w(z) = 2*z**2 - 7*z + 4. Let o be w(6). What is the highest common factor of o and c?
17
Suppose 0 = 2*b + z + 29 - 192, -4*b = 5*z - 311. Let f = 181 - 160. Calculate the highest common factor of b and f.
21
Suppose -4*p + 42 + 6 = 0. Let v(f) = -f - 8*f**2 + 13*f**2 + 0*f. Let c be v(-1). Calculate the greatest common factor of p and c.
6
Let u(z) = z**2 + 8*z - 3. Let b be u(-9). Calculate the greatest common factor of b and 15.
3
Suppose 0*i + 2*i + 3*l - 19 = 0, 5*i + 4*l - 65 = 0. Calculate the highest common divisor of 136 and i.
17
Let g be (-2)/1 + (-7)/(-1). Suppose 7*x - 30 = -f + 2*x, -g*x = -15. Let w = 390 + -255. Calculate the highest common factor of f and w.
15
Suppose 3*s = 2*u + 142, -4 = 3*u - u. What is the greatest common divisor of 69 and s?
23
Suppose -4*f + 389 = -143. Suppose 2*w - f = 23. Suppose t - 6 = w. Calculate the highest common divisor of 12 and t.
12
Let i = 25 - 20. Calculate the greatest common factor of i and 10.
5
Suppose 2*b + 32 = 2*f + f, 0 = -5*f - 2*b + 80. What is the greatest common divisor of f and 98?
14
Let y(f) = f**2 + 4*f - 2. Suppose 8 = -g + 3*d - 1, -15 = 3*g + 3*d. Let c be y(g). Calculate the greatest common factor of c and 20.
10
Suppose -117 - 81 = -2*j. Let b(w) = w**2. Let p be b(-3). Calculate the highest common divisor of j and p.
9
Suppose 3*m = 6*m. Let s = 1 - m. Let f = s - -2. Calculate the highest common factor of 3 and f.
3
Suppose -4*p = -77 - 35. Suppose -p = -3*x - x. What is the highest common divisor of 28 and x?
7
Let q = 18 - 6. Let c = -49 - -57. What is the greatest common factor of q and c?
4
Let z(b) = -b + 13. Let i be z(8). What is the greatest common factor of 2 and i?
1
Let m = -67 + 195. What is the greatest common divisor of m and 16?
16
Let x = 51 - 38. Calculate the greatest common factor of 1 and x.
1
Let j(u) = -3*u**2 + 0*u**2 - 2*u**2 + u**3 - u**2 + 8 + 6*u. Let r be j(7). What is the highest common divisor of 9 and r?
9
Let h be 12/9 - (-207)/27. Let t = 23 - -58. What is the greatest common factor of t and h?
9
Let f(a) = a**3 + 5*a**2 - a + 3. Let t be f(-5). Suppose -t*h = -11*h + 300. Calculate the highest common divisor of 25 and h.
25
Let x be (-75)/6*24/(-10). Suppose -y + 4*y - f - 33 = 0, -2*f = -3*y + x. What is the greatest common divisor of 18 and y?
6
Suppose 2*f - 129 = 51. Calculate the highest common divisor of 10 and f.
10
Let a(m) = 4*m**2 - 12*m - 27. Let u be a(-3). Calculate the greatest common factor of u and 18.
9
Suppose -2*c + 14 = -3*c + 4*j, -j + 6 = c. Let d be 2508/330 - (0 + 4/(-10)). What is the greatest common factor of c and d?
2
Let b(t) = 2*t**3 - 4*t**2 - 6*t + 7. Let y be b(4). Calculate the greatest common factor of 47 and y.
47
Let s be (-66)/(-4) + 35/(-14). Calculate the greatest common divisor of 77 and s.
7
Suppose -99 - 31 = -3*q + 2*g, -5*q + 5*g = -215. Let w(c) = 2*c**2 - 3*c + 2. Let l = -3 + 6. Let j be w(l). What is the highest common divisor of j and q?
11
Suppose -2*u + 5 + 1 = 2*t, -2*t - 5*u = 9. What is the greatest common factor of t and 8?
8
Let w(g) = g + 9. Let b = -4 - -17. Let x be w(b). What is the greatest common divisor of 110 and x?
22
Let a = -3 + 9. Calculate the greatest common divisor of 18 and a.
6
Suppose -4 = 4*v - 0. Let y(s) = s**2 - s - 1. Let n be y(v). Calculate the greatest common factor of n and 8.
1
Let x be ((-2)/(-3))/((-2)/3). Let f(d) = -7*d**3 - 1. Let u be f(x). Let v be (-284)/(-24) + 1/u. What is the greatest common factor of 108 and v?
12
Let l be 0 + (-242)/(-3) - 5/(-15). Let p = -21 - -30. Calculate the greatest common divisor of p and l.
9
Suppose 2*p = 7*p. Suppose 810 = 5*g - p*g. Calculate the highest common divisor of 18 and g.
18
Suppose 2*j - 4*j + 60 = 0. Calculate the highest common divisor of j and 6.
6
Let h be (-6)/4 + (-47)/(-2). Let w be (-2)/7 + 16/7. Calculate the greatest common divisor of w and h.
2
Let j = 42 + -18. What is the highest common factor of j and 264?
24
Suppose 36 = l - 3*c - 29, -270 = -5*l + 4*c. Let m = -14 + l. Let x be (-3)/(-18) - (-53)/6. What is the highest common factor of x and m?
9
Let f = 5 + 3. Suppose 0 = -5*r + f - 3. Calculate the greatest common divisor of r and 5.
1
Suppose k - 18 = -k. Calculate the highest common factor of 63 and k.
9
Let r = 8 - 5. Let b be -2 + 15/r + 24. Calculate the highest common divisor of b and 3.
3
Suppose 20 = -r + 5*r. Let f be (r/2)/(2/4). Let m(h) = 5*h**2 + 2*h - 1. Let v be m(3). Calculate the greatest common factor of v and f.
5
Suppose b + 5 = 3. Let c be 39 - b*1/(-2). Suppose 7*d - 5*i = 4*d + 77, -3*i = 3*d - 45. What is the greatest common divisor of c and d?
19
Suppose -4*p + 23 + 17 = 0. Calculate the greatest common divisor of p and 80.
10
Let m be (-23)/3 + 3/(-9). Let w(k) = -k**2 - 10*k - 3. Let f be w(m). What is the highest common factor of 143 and f?
13
Suppose 14 + 14 = 2*y + 2*r, -46 = -5*y + 3*r. Calculate the greatest common divisor of 22 and y.
11
Suppose -20*w = -23*w + 27. Let x(i) = 2*i - 1. Let u be x(2). Let n be 9 + w/u + -4. Calculate the highest common factor of 72 and n.
8
Suppose -37 = -2*v + 5*j, 4*v - 4*j - 80 = -12. Suppose -3*a = 5*d - 145, -5*a = -4*d - 35 - 145. Calculate the highest common divisor of v and a.
8
Let k = -61 + 101. What is the highest common divisor of 10 and k?
10
Let c(p) = p - 10. Let n be c(13). Suppose n*w - 132 = -4*t, -31 = -w - 5*t + 24. What is the highest common factor of w and 8?
8
Let v be (-28)/(-14)*(-231)/(-2). Calculate the greatest common divisor of 21 and v.
21
Suppose 3*i - 228 = i. What is the highest common factor of 6 and i?
6
Let a be (45/(-6))/(2/(-20)). What is the highest common factor of a and 15?
15
Suppose -3*y - 3 = -0*m - 2*m, -5*y - 4 = -3*m. What is the highest common factor of 33 and m?
3
Let p = 18 + -13. Suppose -p*s = -4*i + 255, 0 = -4*i + 2*s + 37 + 233. Calculate the highest common factor of 28 and i.
14
Let j(c) = -c**2 + 6*c - 4. Let o be j(4). Suppose 1 = -o*s + 5. Calculate the greatest common divisor of 7 and s.
1
Let w(f) be the third derivative of 2*f**3 + 0*f + 0 - 1/60*f**5 - f**2 + 3/8*f**4. Let k be w(9). What is the highest common divisor of 36 and k?
12
Let u = 45 - -19. Let o = 36 + -19. Let g = o + -9. Calculate the highest common divisor of g and u.
8
Suppose 2*c = 3*r + 3 + 33, 20 = -5*r. Let f(i) = -2*i + 60. Let s be f(0). What is the highest common divisor of c and 